4*c**3/3 + 27*c**2. Let m be b(-2). Suppose 4*t = j - 105 - 50, -m*j + 578 = 5*t. What is the hundreds digit of j?
1
Let m be (30 - 26) + (-4)/2 + 1. Suppose -3*x - m*y = -0*y - 279, -3*y + 370 = 4*x. What is the units digit of x?
1
Suppose c = 4*c + 2*o - 11623, 19380 = 5*c - 5*o. What is the tens digit of c?
7
Let c be ((-2)/((-10)/(-15)))/(0 - 1). Let p(l) = 2*l**2 - 6*l - c*l**2 - 228 - 15*l + 211. What is the units digit of p(-20)?
3
Let z = 43 - -28. Suppose -2*w - z = -3*l + 47, l + 2*w - 34 = 0. Suppose 123 = -35*b + l*b. What is the units digit of b?
1
Suppose f + 3*y - 5622 = 0, -4*f - 4*y + 3*y + 22466 = 0. Suppose u + u - f = -5*o, -4*o - 3*u = -4490. Suppose 226 = 10*a - o. What is the tens digit of a?
3
Let l(g) = 348*g**3 - 10*g**2 + 33*g + 7. What is the hundreds digit of l(3)?
4
Suppose -11*f = -9*f. Suppose f = 4*i + 5 - 13. Suppose g + 3*g - 118 = -b, 4*b + i*g = 542. What is the hundreds digit of b?
1
Suppose -79209 = -94*b + 85*b. What is the thousands digit of b?
8
Let x be (-152)/(-84)*-3 - 3/(-7). Let g be (-30)/(-8) + x/(-20)*1. Suppose g*u - 120 = 2*u. What is the units digit of u?
0
Suppose -p - 173 = -4*q, -3 = 5*q - 13. Let z(i) = -81*i**2 - 4*i - 1. Let j be z(-1). Let t = j - p. What is the tens digit of t?
8
Suppose 5*s + j - 32097 = 0, -5*s + 11682 + 20421 = -j. What is the tens digit of s?
2
Suppose -a + 15866 = 2*q - 14436, 4*a + 5*q - 121184 = 0. What is the ten thousands digit of a?
3
Let c(b) = b**3 - 9*b**2 - 8*b - 1. Let g(k) = k**3 - 8*k**2 - 9*k - 1. Suppose 4*j + 3 = 19. Let s(f) = j*c(f) - 5*g(f). What is the units digit of s(6)?
7
Let i = -21747 - -31295. What is the units digit of i?
8
Let i be (-3)/(-6)*8 + -3 + 3. Suppose 0 = i*g, g + 1852 = 4*l - 2*g. Suppose -5*u - 4*j + l = 20, -3*j = u - 93. What is the tens digit of u?
8
What is the units digit of 8 + ((-110763)/155)/(2/(-10))?
1
Let f(y) = -1192*y + 133. What is the units digit of f(-13)?
9
Suppose 0 = -2*y + 11 + 73. Suppose 10*p - 3*p = -y. What is the units digit of 138 + (-3)/p*2?
9
Let g(z) = z - 1. Let v be g(0). Let m(r) be the second derivative of 245*r**4/12 - r**3/2 - 5*r**2/2 + r + 260. What is the hundreds digit of m(v)?
2
Let a(p) = 34*p**3 + 10*p**2 - 10*p + 2. Let z be a(3). Suppose 0 = -3*i - l - 264 + 1724, -2*i + z = -l. What is the units digit of i?
8
Let z = -29 - -31. Let n be ((-7)/3 + z)*(2 + -2). What is the tens digit of (-44 - n)/(34/(-10) + 3)?
1
What is the thousands digit of 3696/420*(7/(-21) + 5611/3)?
6
What is the tens digit of (-4)/((-20)/81633) + (-304)/(-760)?
2
Suppose -2*i + 4*i - 4*c + 40 = 0, 4*i + c = -80. What is the units digit of (76/(-5))/(1/i)?
4
Let f(i) be the third derivative of 1/2*i**3 - 15*i**2 + 0 + 0*i - 1/8*i**4. What is the tens digit of f(-4)?
1
What is the units digit of 10670/22*(142/10 - 2)?
7
Let w(c) = 57*c**2 - 27*c - 84. Let d be w(-20). Suppose 9*h = 21*h - d. What is the tens digit of h?
3
Suppose 1173 + 825 = 18*g. Suppose -g - 403 = -s. What is the units digit of s?
4
Suppose 20 - 15 = w. Suppose 2*r - 9 = -w*l, -9 = -3*r - l - 2. Suppose 5*a - 564 = -2*n + 5*n, -r*a + 207 = 5*n. What is the hundreds digit of a?
1
Suppose -5*l + 14 + 141 = 0. Let w = -40 + l. What is the units digit of 3/w*396/(-4)?
3
Let a(g) = -g**3 + 19*g**2 - 17*g - 7. Suppose 0 = 6*q - 16*q + 180. Let i be a(q). Suppose 4288 - 1241 = i*h. What is the tens digit of h?
7
Suppose -19 = -6*k - 1. Suppose -4*n = v - 3057, -k*v + 1769 = 5*n - 2054. What is the hundreds digit of n?
7
Let a be 9/3*(-338)/(-3) - -2. Suppose -3*o + 661 = 4*i, 0 = -5*o + 3*i + 723 + a. What is the tens digit of o?
1
Suppose -13*o - 6*o + 27*o - 16104 = 0. What is the thousands digit of o?
2
Let p(f) = -13*f**3 + f**2 - 11*f - 47. Let m = 358 + -362. What is the units digit of p(m)?
5
Let c(d) = 4*d**2 - 22*d - 62. Let j(w) = -w**2 + 2*w - 2. Let i(l) = c(l) + j(l). What is the hundreds digit of i(13)?
1
Suppose u + 5*c = -13, 5*u + 2 = -5*c - 3. Suppose 0 = 3*x - 15, -u*d + 2*x + 5 = x. What is the tens digit of (-2)/d - (-5642)/130?
4
Suppose -2*b + 4*w = -156, -3*b - 252 = -6*b - 3*w. Let c be (-1 + (-30)/(-50))/((-1)/(-115)). Let u = c + b. What is the tens digit of u?
3
What is the units digit of 19076 - (12 + -42)/15?
8
Suppose -32*v + 10 = -27*v. Suppose 40*p - 8 = 38*p, -4*x - v*p = -5328. What is the hundreds digit of x?
3
Suppose 0 = d + 317 - 313. What is the units digit of (0/(d + 0))/(-1) + 444?
4
Let g(j) = 7*j**3 - 7*j + 7. Let f be g(3). Suppose 4*r - 9*r = 5*s - f, 4*s + 5*r = 141. Suppose 67 + s = t. What is the tens digit of t?
0
Let y = -763 + 1755. What is the tens digit of y?
9
Let l = 189 + -102. Suppose l - 12 = 5*j. What is the hundreds digit of (j - 17)*(-506)/4?
2
Suppose -4*k - 398 = -3*y + k, y = -5*k + 166. Suppose -690 = -5*n + 5*t, y = -4*n + 5*n - 4*t. What is the tens digit of n?
3
Let q be ((0 - -1) + 0)*(-126)/(-14). Let w = q + -6. What is the units digit of (w - 0)/(3 + 394/(-132))?
8
Suppose 4 = -2*j - 2*w, w + 2*w = 2*j - 16. Let b(a) = 5*a - 13*a**2 + 5*a**2 + 23 + 3*a**j + 8*a**2. What is the hundreds digit of b(8)?
2
Let j(m) = 154*m - 413. Let y(k) = -28*k + 75. Let g be 3*(-10)/(-45)*-42. Let r(t) = g*y(t) - 5*j(t). What is the tens digit of r(8)?
7
Let o = 44 - 44. Suppose o = -8*b + 4*b + 1192. What is the tens digit of (-24)/(-32) + (2 - b/(-8))?
4
Let o(x) = -8*x**2 - x - 4. Let p be o(-2). Let a = p + 29. Let l(q) = q**2 + 4*q + 10. What is the units digit of l(a)?
5
Let m(z) = -67*z + 11. Let n(v) = v**2 + 31*v + 72. Let y be n(-29). Let j be 7/y - (-10)/(-4). What is the units digit of m(j)?
5
Let n be 61 + 0 - -2*2*-1. Let d = n + -72. Let b = 111 + d. What is the tens digit of b?
9
Suppose 28*l = 17*l + 66. Let d(i) = 14*i**2 - 9*i + 46. What is the tens digit of d(l)?
9
Suppose 0 = -6*o + 14*o - 112. Let n be 8684/o + (-4 - (-26)/7). Let h = -331 + n. What is the hundreds digit of h?
2
Suppose 0 = -263*g + 2847719 + 731185. What is the tens digit of g?
0
Let n be ((6/4)/(-1))/(54/(-396)). Suppose -n*w = -691 - 486. What is the tens digit of w?
0
Let f = -7545 + 17392. What is the tens digit of f?
4
Let x(w) = w**2 - 106 + 191 - 53 + 25*w. What is the units digit of x(-44)?
8
Let x = 7 - 2. Suppose -4*p = -x*p + 80. Suppose 7*d = 200 + p. What is the units digit of d?
0
Suppose 35*g - 1793510 + 302759 = 360329. What is the ten thousands digit of g?
5
Let t(g) = -7*g**3 - 45*g**2 - 7*g + 9. What is the ten thousands digit of t(-15)?
1
What is the hundreds digit of (-86)/(-387) - (40624/(-9) - -1)?
5
Suppose -13*x = -34*x - 50*x + 1019915. What is the units digit of x?
5
Let j be ((-2 + 3)*-5)/(-1 - 0). Suppose -504 = -y + j*y. Let h = -7 - y. What is the units digit of h?
9
What is the thousands digit of ((-7 - -15)/(-4))/(1*5/(-8615))?
3
Suppose -9*x + 14*x + g = 19149, 4*x - 3*g = 15323. What is the hundreds digit of x?
8
Suppose 372*w = 581*w - 12008095. What is the ten thousands digit of w?
5
Suppose 115*a + 102474 = 90*a + 757399. What is the thousands digit of a?
6
Let x(g) = g - 10. Let s be x(-5). Let h be s/10 - 50/(-4). What is the tens digit of 1/((44/80)/h)?
2
Suppose 0 = 106*u - 109*u + 90. What is the units digit of -2*145/(-25) + 12/u?
2
Suppose 10*b = 15*b - 20. Suppose 5*z - 2*p - 457 = 271, 2*z + b*p = 272. What is the units digit of (-16)/z + (-676)/(-9)?
5
Let a(u) be the second derivative of 0 + 32*u - 5/6*u**3 + 1/2*u**4 + 1/20*u**5 - 2*u**2. What is the tens digit of a(-4)?
4
Suppose -4547 - 78973 = -15*j. What is the hundreds digit of j?
5
Let k = 15295 + -8697. What is the thousands digit of k?
6
Suppose 5*k - 3398 = -11548. Let q = k + 2501. What is the hundreds digit of q?
8
Let p(g) = -736*g + 45. Let q be ((-2)/4)/((-44)/(-8) + -5). What is the hundreds digit of p(q)?
7
Let n = -13401 - -31177. What is the thousands digit of n?
7
Suppose -3*g - 6 = -0. Let n be ((-2)/4 - 2)*g. Suppose r - 5*v = -4, 4*r - 91 - 18 = -n*v. What is the units digit of r?
1
Suppose 6*x + 88 = -5*x. What is the hundreds digit of (x/24)/((-2)/8106)?
3
Let r = 38 + -34. Suppose -3 = -u, 2*o + 2*u = r*u + 210. Suppose 4*c + o - 404 = 0. What is the units digit of c?
4
Let q(c) = -12 + 30*c - 12 + 84*c + 120*c. What is the units digit of q(2)?
4
Let i(o) = o**3 + 6*o**2 + 5